when 20163 is divided by 2875.
38
What is the remainder when 71278 is divided by 270?
268
What is the remainder when 13573 is divided by 13453?
120
What is the remainder when 22090 is divided by 22089?
1
What is the remainder when 41765 is divided by 41760?
5
What is the remainder when 5613 is divided by 16?
13
Calculate the remainder when 743404 is divided by 427.
424
What is the remainder when 859 is divided by 325?
209
Calculate the remainder when 1966 is divided by 158.
70
What is the remainder when 1385 is divided by 28?
13
What is the remainder when 117844 is divided by 18?
16
What is the remainder when 42779 is divided by 155?
154
What is the remainder when 68867 is divided by 7647?
44
Calculate the remainder when 21479 is divided by 179.
178
What is the remainder when 13587 is divided by 683?
610
What is the remainder when 61197 is divided by 306?
303
What is the remainder when 864465 is divided by 239?
2
What is the remainder when 1745447 is divided by 70?
67
What is the remainder when 10330 is divided by 20?
10
Calculate the remainder when 43655 is divided by 603.
239
What is the remainder when 124857 is divided by 3672?
9
What is the remainder when 1827 is divided by 297?
45
What is the remainder when 82932 is divided by 285?
282
Calculate the remainder when 245465 is divided by 234.
233
Calculate the remainder when 53807 is divided by 1.
0
What is the remainder when 87551 is divided by 118?
113
What is the remainder when 67 is divided by 6?
1
What is the remainder when 8129 is divided by 165?
44
What is the remainder when 26099 is divided by 8687?
38
Calculate the remainder when 764 is divided by 743.
21
Calculate the remainder when 47893 is divided by 15955.
28
Calculate the remainder when 1332 is divided by 134.
126
What is the remainder when 10222 is divided by 123?
13
What is the remainder when 9252 is divided by 2310?
12
What is the remainder when 13238 is divided by 3?
2
Calculate the remainder when 91529 is divided by 2692.
1
Calculate the remainder when 3965 is divided by 3952.
13
What is the remainder when 235498 is divided by 256?
234
What is the remainder when 4394 is divided by 731?
8
What is the remainder when 15439 is divided by 3857?
11
Calculate the remainder when 25737 is divided by 495.
492
Calculate the remainder when 368874 is divided by 41.
38
Calculate the remainder when 71169 is divided by 25.
19
Calculate the remainder when 773722 is divided by 64474.
34
Calculate the remainder when 3825 is divided by 136.
17
What is the remainder when 38585 is divided by 130?
105
Calculate the remainder when 2296 is divided by 764.
4
What is the remainder when 3829 is divided by 183?
169
What is the remainder when 48909 is divided by 77?
14
What is the remainder when 8021 is divided by 120?
101
What is the remainder when 56458 is divided by 28216?
26
Calculate the remainder when 16093 is divided by 29.
27
Calculate the remainder when 164125 is divided by 41024.
29
Calculate the remainder when 59010 is divided by 74.
32
Calculate the remainder when 2628 is divided by 64.
4
What is the remainder when 19262 is divided by 62?
42
Calculate the remainder when 24596 is divided by 39.
26
What is the remainder when 213208 is divided by 10?
8
What is the remainder when 14281 is divided by 679?
22
What is the remainder when 13182 is divided by 314?
308
Calculate the remainder when 4972 is divided by 174.
100
What is the remainder when 116 is divided by 73?
43
Calculate the remainder when 13023 is divided by 1085.
3
Calculate the remainder when 473930 is divided by 94786.
0
Calculate the remainder when 1152843 is divided by 111.
108
Calculate the remainder when 198127 is divided by 488.
487
Calculate the remainder when 18580 is divided by 46.
42
Calculate the remainder when 40010 is divided by 19963.
84
What is the remainder when 468 is divided by 56?
20
Calculate the remainder when 72436 is divided by 24.
4
Calculate the remainder when 1908 is divided by 608.
84
Calculate the remainder when 14179 is divided by 4720.
19
What is the remainder when 128654 is divided by 2218?
10
Calculate the remainder when 23792 is divided by 11894.
4
Calculate the remainder when 5583 is divided by 399.
396
Calculate the remainder when 122539 is divided by 539.
186
What is the remainder when 109478 is divided by 14?
12
Calculate the remainder when 324337 is divided by 8535.
7
What is the remainder when 4678 is divided by 130?
128
What is the remainder when 747 is divided by 127?
112
Calculate the remainder when 1711 is divided by 901.
810
Calculate the remainder when 17736 is divided by 714.
600
What is the remainder when 8078 is divided by 256?
142
What is the remainder when 2247 is divided by 695?
162
What is the remainder when 6399 is divided by 168?
15
Calculate the remainder when 538631 is divided by 2146.
2131
What is the remainder when 193216 is divided by 47?
46
What is the remainder when 164109 is divided by 164089?
20
Calculate the remainder when 37222 is divided by 57.
1
What is the remainder when 11561 is divided by 5741?
79
Calculate the remainder when 38028 is divided by 196.
4
Calculate the remainder when 1392753 is divided by 345.
333
Calculate the remainder when 48125 is divided by 106.
1
What is the remainder when 15161 is divided by 482?
219
Calculate the remainder when 716896 is divided by 78.
76
What is the remainder when 4939068 is divided by 337?
333
What is the remainder when 21196 is divided by 359?
15
What is the remainder when 12137 is divided by 213?
209
Calculate the remainder when 7836 is divided by 7808.
28
What is the remainder when 124802 is divided by 603?
584
Calculate the remainder when 57544 is divided by 36.
16
What is the remainder when 339732 is divided by 71?
68
Calculate the remainder when 1711 is divided by 1669.
42
Calculate the remainder when 1320 is divided by 47.
4
Calculate the remainder when 11727 is divided by 2435.
1987
What is the remainder when 11991 is divided by 414?
399
What is the remainder when 48037 is divided by 213?
112
What is the remainder when 671 is divided by 68?
59
What is the remainder when 6146 is divided by 385?
371
Calculate the remainder when 2631 is divided by 98.
83
What is the remainder when 11061 is divided by 805?
596
Calculate the remainder when 2135 is divided by 217.
182
What is the remainder when 576684 is divided by 28?
24
Calculate the remainder when 87313 is divided by 840.
793
What is the remainder when 180374 is divided by 4874?
36
What is the remainder when 24673 is divided by 287?
278
What is the remainder when 126924 is divided by 319?
281
Calculate the remainder when 261927 is divided by 226.
219
Calculate the remainder when 86770 is divided by 28917.
19
Calculate the remainder when 403929 is divided by 110.
9
What is the remainder when 1543508 is divided by 584?
580
Calculate the remainder when 65 is divided by 26.
13
Calculate the remainder when 12790 is divided by 399.
22
Calculate the remainder when 35782 is divided by 12.
10
Calculate the remainder when 3045 is divided by 129.
78
What is the remainder when 80217 is divided by 96?
57
Calculate the remainder when 1575 is divided by 1179.
396
What is the remainder when 259162 is divided by 25915?
12
Calculate the remainder when 14852 is divided by 4948.
8
Calculate the remainder when 260376 is divided by 86775.
51
What is the remainder when 14523 is divided by 27?
24
What is the remainder when 14599 is divided by 655?
189
What is the remainder when 1824 is divided by 1756?
68
Calculate the remainder when 21210 is divided by 1125.
960
Calculate the remainder when 5213 is divided by 29.
22
What is the remainder when 85782 is divided by 6?
0
What is the remainder when 1406 is divided by 208?
158
What is the remainder when 904078 is divided by 80?
78
What is the remainder when 354673 is divided by 106?
103
Calculate the remainder when 503 is divided by 58.
39
Calculate the remainder when 15042 is divided by 334.
12
Calculate the remainder when 669319 is divided by 116.
115
What is the remainder when 48823 is divided by 24375?
73
Calculate the remainder when 9567 is divided by 55.
52
Calculate the remainder when 12273 is divided by 613.
13
What is the remainder when 72534 is divided by 35?
14
What is the remainder